{"id":817,"date":"2018-07-25T15:03:37","date_gmt":"2018-07-25T18:03:37","guid":{"rendered":"http:\/\/lubricentroeric.com.ar\/?post_type=product&#038;p=817"},"modified":"2021-10-08T11:14:30","modified_gmt":"2021-10-08T14:14:30","slug":"bandalin-bepo-b040d-17-5-trasero-blanco-plastico","status":"publish","type":"product","link":"https:\/\/lubricentroeric.com.ar\/?product=bandalin-bepo-b040d-17-5-trasero-blanco-plastico","title":{"rendered":"Bandal\u00edn Bepo B040D 17.5&#8243; Trasero Blanco pl\u00e1stico"},"content":{"rendered":"<p>Bandal\u00edn Cami\u00f3n Bepo B040D 17.5\u2033 Trasero Blanco Pl\u00e1stico<\/p>\n<p>Bandalines para colocar con tazas<\/p>\n","protected":false},"excerpt":{"rendered":"<p>Bandal\u00edn Cami\u00f3n Bepo B040D 17.5\u2033 Trasero Blanco Pl\u00e1stico Bandalines para colocar con tazas<\/p>\n","protected":false},"featured_media":819,"comment_status":"open","ping_status":"closed","template":"","meta":[],"product_cat":[60],"product_tag":[],"_links":{"self":[{"href":"https:\/\/lubricentroeric.com.ar\/index.php?rest_route=\/wp\/v2\/product\/817"}],"collection":[{"href":"https:\/\/lubricentroeric.com.ar\/index.php?rest_route=\/wp\/v2\/product"}],"about":[{"href":"https:\/\/lubricentroeric.com.ar\/index.php?rest_route=\/wp\/v2\/types\/product"}],"replies":[{"embeddable":true,"href":"https:\/\/lubricentroeric.com.ar\/index.php?rest_route=%2Fwp%2Fv2%2Fcomments&post=817"}],"wp:featuredmedia":[{"embeddable":true,"href":"https:\/\/lubricentroeric.com.ar\/index.php?rest_route=\/wp\/v2\/media\/819"}],"wp:attachment":[{"href":"https:\/\/lubricentroeric.com.ar\/index.php?rest_route=%2Fwp%2Fv2%2Fmedia&parent=817"}],"wp:term":[{"taxonomy":"product_cat","embeddable":true,"href":"https:\/\/lubricentroeric.com.ar\/index.php?rest_route=%2Fwp%2Fv2%2Fproduct_cat&post=817"},{"taxonomy":"product_tag","embeddable":true,"href":"https:\/\/lubricentroeric.com.ar\/index.php?rest_route=%2Fwp%2Fv2%2Fproduct_tag&post=817"}],"curies":[{"name":"wp","href":"https:\/\/api.w.org\/{rel}","templated":true}]}}