{"id":1577,"date":"2018-11-24T12:47:20","date_gmt":"2018-11-24T15:47:20","guid":{"rendered":"http:\/\/lubricentroeric.com.ar\/?post_type=product&#038;p=1577"},"modified":"2019-12-05T17:32:19","modified_gmt":"2019-12-05T20:32:19","slug":"shell-spirax-s3-ax-80w90-4-litros","status":"publish","type":"product","link":"https:\/\/lubricentroeric.com.ar\/?product=shell-spirax-s3-ax-80w90-4-litros","title":{"rendered":"Shell Spirax S3 AX 80w90 4 Litros"},"content":{"rendered":"<p>Shell Spirax S3 AX 80w90 4 Litros<\/p>\n<p>Aceite de Alta Performance, Para Aplicaciones Generales de Transmisi\u00f3n<br \/>\nGL-5.<\/p>\n<p>Shell Spirax S3 AX 80W-90 es un lubricante de alta performance API GL-5, para ejes y<br \/>\nengranajes sometidos a cargas de moderadas a altas, en aplicaciones de conducci\u00f3n dentro y<br \/>\nfuera de carretera que requieren un grado SAE 80W-90<br \/>\nAplicaciones<br \/>\n\u00bf Diferenciales automotrices<br \/>\nRecomendado para cajas, diferenciales y<br \/>\nconjunto de engranajes hipoidales de<br \/>\nautom\u00f3viles, utilitarios, motocicletas, equipos<br \/>\nfuera de carretera para la construcci\u00f3n y<br \/>\nagr\u00edcola.<br \/>\n\u00bf Conjuntos de engranajes generales<br \/>\nConjuntos de engranajes de equipos auxiliares<br \/>\ny algunos equipos industriales.<br \/>\nCaracter\u00edsticas de Desempe\u00f1o y<br \/>\nBeneficios<br \/>\n\u00bf M\u00faltiples Aplicaciones en Veh\u00edculos<br \/>\nFluidos de alta performance para aplicaciones<br \/>\nAPI GL-5 que requieran grados SAE 80W-90,<br \/>\n90 \u00f3 80W.<br \/>\nPuede usarse en algunas aplicaciones SAE<br \/>\n75W-90 donde no es necesario el trabajo a<br \/>\nbajas temperaturas.<br \/>\n\u00bf Capacidad de recambio extendido<br \/>\nSu contenido de aditivos aseguran la protecci\u00f3n<br \/>\nde los engranajes a largo plazo y su alta<br \/>\nresistencia a la oxidaci\u00f3n posibilita extender los<br \/>\nintervalos de recambio.<br \/>\n\u00bf M\u00e1s vida \u00fatil para la transmisi\u00f3n<br \/>\nExcepcional protecci\u00f3n contra el desgaste,<br \/>\nrayaduras y la corrosi\u00f3n.<br \/>\nEspecificaciones y Aprobaciones<br \/>\nAPI Service Classification GL-5<br \/>\nUS Military MIL-L-2105D<br \/>\nMercedes-Benz Sheet Approval 235.6<br \/>\nMAN 342 Typ M2<br \/>\nZF TE-ML 05A, 07A, 16C,<br \/>\n17B, 19B, 21A<br \/>\nAsesoramiento<br \/>\nSu Representante Shell puede ofrecer<br \/>\nrecomendaciones sobre los aspectos que no<br \/>\ncubre este folleto.<br \/>\nSalud y Seguridad<br \/>\nLa respectiva Hoja de Datos de Seguridad<br \/>\ndel Material, que se puede conseguir a trav\u00e9s<br \/>\ndel representante de Shell, indica los datos y<br \/>\nlineamientos sobre Salud y Seguridad.<\/p>\n<p>Proteja el Ambiente<br \/>\nLleve el aceite usado a un punto de<br \/>\nrecolecci\u00f3n autorizado; no lo vierta en<br \/>\ndrenajes, ni en suelos, o agua.<br \/>\nAntiguo Nombre: Shell Spirax AX 80W-90<br \/>\nTechnical Data Sheet<br \/>\nShell Lubricants Page 2 of 2 28\/04\/2011<br \/>\nCaracter\u00edsticas F\u00edsicas T\u00edpicas<br \/>\nShell Spirax S3 AX 80W-90<br \/>\nGrado Viscosidad SAE SAE J 306 80W-90<br \/>\nViscosidad Cinem\u00e1tica ISO 3104<br \/>\na 40\u00b0C mm2<br \/>\n\/s 169.0<br \/>\na 100\u00b0C mm2<br \/>\n\/s 16.8<br \/>\nDensidad a 15\u00b0C kg\/m3<br \/>\nISO 12185 900<br \/>\nPunto de Inflamaci\u00f3n COC \u00b0C ISO 2592 220<br \/>\nPunto de Escurrimiento \u00b0C ISO 3016 -30<br \/>\nEstas son las caracter\u00edsticas t\u00edpicas que refleja la producci\u00f3n actual. La producci\u00f3n futura, aunque siempre se har\u00e1 de conformidad con las<br \/>\nespecificaciones de Shell, puede reflejar variaciones<\/p>\n","protected":false},"excerpt":{"rendered":"<p>Shell Spirax S3 AX 80w90 4 Litros Aceite de Alta Performance, Para Aplicaciones Generales de Transmisi\u00f3n GL-5. Shell Spirax S3 AX 80W-90 es un lubricante de alta performance API GL-5, para ejes y engranajes sometidos a cargas de moderadas a&hellip;&nbsp;<a href=\"https:\/\/lubricentroeric.com.ar\/?product=shell-spirax-s3-ax-80w90-4-litros\" class=\"more-link\">Read More<\/a><\/p>\n","protected":false},"featured_media":1578,"comment_status":"open","ping_status":"closed","template":"","meta":[],"product_cat":[80],"product_tag":[],"_links":{"self":[{"href":"https:\/\/lubricentroeric.com.ar\/index.php?rest_route=\/wp\/v2\/product\/1577"}],"collection":[{"href":"https:\/\/lubricentroeric.com.ar\/index.php?rest_route=\/wp\/v2\/product"}],"about":[{"href":"https:\/\/lubricentroeric.com.ar\/index.php?rest_route=\/wp\/v2\/types\/product"}],"replies":[{"embeddable":true,"href":"https:\/\/lubricentroeric.com.ar\/index.php?rest_route=%2Fwp%2Fv2%2Fcomments&post=1577"}],"wp:featuredmedia":[{"embeddable":true,"href":"https:\/\/lubricentroeric.com.ar\/index.php?rest_route=\/wp\/v2\/media\/1578"}],"wp:attachment":[{"href":"https:\/\/lubricentroeric.com.ar\/index.php?rest_route=%2Fwp%2Fv2%2Fmedia&parent=1577"}],"wp:term":[{"taxonomy":"product_cat","embeddable":true,"href":"https:\/\/lubricentroeric.com.ar\/index.php?rest_route=%2Fwp%2Fv2%2Fproduct_cat&post=1577"},{"taxonomy":"product_tag","embeddable":true,"href":"https:\/\/lubricentroeric.com.ar\/index.php?rest_route=%2Fwp%2Fv2%2Fproduct_tag&post=1577"}],"curies":[{"name":"wp","href":"https:\/\/api.w.org\/{rel}","templated":true}]}}