{"id":1470,"date":"2018-11-01T18:33:59","date_gmt":"2018-11-01T21:33:59","guid":{"rendered":"http:\/\/lubricentroeric.com.ar\/?post_type=product&#038;p=1470"},"modified":"2020-06-08T12:03:51","modified_gmt":"2020-06-08T15:03:51","slug":"funda-de-asiento-de-peluche-para-camion-butaca-butacon","status":"publish","type":"product","link":"https:\/\/lubricentroeric.com.ar\/?product=funda-de-asiento-de-peluche-para-camion-butaca-butacon","title":{"rendered":"Funda de asiento de peluche para Cami\u00f3n Butaca + Butac\u00f3n"},"content":{"rendered":"<p>Funda de asiento de peluche para Cami\u00f3n Butaca + Butac\u00f3n<\/p>\n<p>Se entrega funda para asiento, respaldo, apoya cabeza y ganchos para la instalaci\u00f3n para 1 butaca y 1 butac\u00f3n<\/p>\n<p>Colores disponibles: Azul \/ Rojo \/ Gris \/ Gris oscuro \/ Blanco \/ Negro \/ Violeta \/ Naranja \/ Verde \/ Rosa \/ Amarillo<\/p>\n","protected":false},"excerpt":{"rendered":"<p>Funda de asiento de peluche para Cami\u00f3n Butaca + Butac\u00f3n Se entrega funda para asiento, respaldo, apoya cabeza y ganchos para la instalaci\u00f3n para 1 butaca y 1 butac\u00f3n Colores disponibles: Azul \/ Rojo \/ Gris \/ Gris oscuro \/&hellip;&nbsp;<a href=\"https:\/\/lubricentroeric.com.ar\/?product=funda-de-asiento-de-peluche-para-camion-butaca-butacon\" class=\"more-link\">Read More<\/a><\/p>\n","protected":false},"featured_media":1455,"comment_status":"open","ping_status":"closed","template":"","meta":[],"product_cat":[75],"product_tag":[],"_links":{"self":[{"href":"https:\/\/lubricentroeric.com.ar\/index.php?rest_route=\/wp\/v2\/product\/1470"}],"collection":[{"href":"https:\/\/lubricentroeric.com.ar\/index.php?rest_route=\/wp\/v2\/product"}],"about":[{"href":"https:\/\/lubricentroeric.com.ar\/index.php?rest_route=\/wp\/v2\/types\/product"}],"replies":[{"embeddable":true,"href":"https:\/\/lubricentroeric.com.ar\/index.php?rest_route=%2Fwp%2Fv2%2Fcomments&post=1470"}],"wp:featuredmedia":[{"embeddable":true,"href":"https:\/\/lubricentroeric.com.ar\/index.php?rest_route=\/wp\/v2\/media\/1455"}],"wp:attachment":[{"href":"https:\/\/lubricentroeric.com.ar\/index.php?rest_route=%2Fwp%2Fv2%2Fmedia&parent=1470"}],"wp:term":[{"taxonomy":"product_cat","embeddable":true,"href":"https:\/\/lubricentroeric.com.ar\/index.php?rest_route=%2Fwp%2Fv2%2Fproduct_cat&post=1470"},{"taxonomy":"product_tag","embeddable":true,"href":"https:\/\/lubricentroeric.com.ar\/index.php?rest_route=%2Fwp%2Fv2%2Fproduct_tag&post=1470"}],"curies":[{"name":"wp","href":"https:\/\/api.w.org\/{rel}","templated":true}]}}