{"id":606,"date":"2018-06-30T14:52:19","date_gmt":"2018-06-30T17:52:19","guid":{"rendered":"http:\/\/lubricentroeric.com.ar\/?post_type=product&#038;p=606"},"modified":"2020-08-27T15:43:19","modified_gmt":"2020-08-27T18:43:19","slug":"liq-refrigerante-petronas-paraflu-ht-amarillo-1-litro","status":"publish","type":"product","link":"http:\/\/lubricentroeric.com.ar\/?product=liq-refrigerante-petronas-paraflu-ht-amarillo-1-litro","title":{"rendered":"L\u00edq. Refrigerante Petronas Paraflu HT Amarillo 1 litro"},"content":{"rendered":"<p>L\u00edquido Refrigerante Petronas Paraflu HT Amarillo Org\u00e1nico 1 litro<\/p>\n","protected":false},"excerpt":{"rendered":"<p>L\u00edquido Refrigerante Petronas Paraflu HT Amarillo Org\u00e1nico 1 litro<\/p>\n","protected":false},"featured_media":607,"comment_status":"open","ping_status":"closed","template":"","meta":[],"product_cat":[49],"product_tag":[],"_links":{"self":[{"href":"http:\/\/lubricentroeric.com.ar\/index.php?rest_route=\/wp\/v2\/product\/606"}],"collection":[{"href":"http:\/\/lubricentroeric.com.ar\/index.php?rest_route=\/wp\/v2\/product"}],"about":[{"href":"http:\/\/lubricentroeric.com.ar\/index.php?rest_route=\/wp\/v2\/types\/product"}],"replies":[{"embeddable":true,"href":"http:\/\/lubricentroeric.com.ar\/index.php?rest_route=%2Fwp%2Fv2%2Fcomments&post=606"}],"wp:featuredmedia":[{"embeddable":true,"href":"http:\/\/lubricentroeric.com.ar\/index.php?rest_route=\/wp\/v2\/media\/607"}],"wp:attachment":[{"href":"http:\/\/lubricentroeric.com.ar\/index.php?rest_route=%2Fwp%2Fv2%2Fmedia&parent=606"}],"wp:term":[{"taxonomy":"product_cat","embeddable":true,"href":"http:\/\/lubricentroeric.com.ar\/index.php?rest_route=%2Fwp%2Fv2%2Fproduct_cat&post=606"},{"taxonomy":"product_tag","embeddable":true,"href":"http:\/\/lubricentroeric.com.ar\/index.php?rest_route=%2Fwp%2Fv2%2Fproduct_tag&post=606"}],"curies":[{"name":"wp","href":"https:\/\/api.w.org\/{rel}","templated":true}]}}